{"id":47,"date":"2020-03-26T14:43:12","date_gmt":"2020-03-26T13:43:12","guid":{"rendered":"https:\/\/www.its-projekt.de\/_preview_\/?page_id=47"},"modified":"2024-07-08T09:57:04","modified_gmt":"2024-07-08T07:57:04","slug":"data-protection","status":"publish","type":"page","link":"https:\/\/www.its-projekt.de\/en\/data-protection\/","title":{"rendered":"Privacy"},"content":{"rendered":"","protected":false},"excerpt":{"rendered":"","protected":false},"author":1,"featured_media":0,"parent":0,"menu_order":80,"comment_status":"closed","ping_status":"closed","template":"","meta":{"footnotes":""},"class_list":["post-47","page","type-page","status-publish","hentry"],"yoast_head":"<!-- This site is optimized with the Yoast SEO plugin v20.1 - https:\/\/yoast.com\/wordpress\/plugins\/seo\/ -->\n<title>Datenschutz - InfoTurmStuttgart<\/title>\n<meta name=\"description\" content=\"Nachfolgend stellen wir Ihnen die Informationen zur Verf\u00fcgung, die Sie zur Pr\u00fcfung und Wahrnehmung Ihrer Rechte zum Datenschutz ben\u00f6tigen.\" \/>\n<meta name=\"robots\" content=\"index, follow, max-snippet:-1, max-image-preview:large, max-video-preview:-1\" \/>\n<link rel=\"canonical\" href=\"https:\/\/www.its-projekt.de\/en\/data-protection\/\" \/>\n<meta property=\"og:locale\" content=\"en_US\" \/>\n<meta property=\"og:type\" content=\"article\" \/>\n<meta property=\"og:title\" content=\"Datenschutz - InfoTurmStuttgart\" \/>\n<meta property=\"og:description\" content=\"Nachfolgend stellen wir Ihnen die Informationen zur Verf\u00fcgung, die Sie zur Pr\u00fcfung und Wahrnehmung Ihrer Rechte zum Datenschutz ben\u00f6tigen.\" \/>\n<meta property=\"og:url\" content=\"https:\/\/www.its-projekt.de\/en\/data-protection\/\" \/>\n<meta property=\"og:site_name\" content=\"InfoTurmStuttgart\" \/>\n<meta property=\"article:modified_time\" content=\"2024-07-08T07:57:04+00:00\" \/>\n<meta name=\"twitter:card\" content=\"summary_large_image\" \/>\n<script type=\"application\/ld+json\" class=\"yoast-schema-graph\">{\"@context\":\"https:\/\/schema.org\",\"@graph\":[{\"@type\":\"WebPage\",\"@id\":\"https:\/\/www.its-projekt.de\/datenschutz\/\",\"url\":\"https:\/\/www.its-projekt.de\/datenschutz\/\",\"name\":\"Datenschutz - InfoTurmStuttgart\",\"isPartOf\":{\"@id\":\"https:\/\/www.its-projekt.de\/#website\"},\"datePublished\":\"2020-03-26T13:43:12+00:00\",\"dateModified\":\"2024-07-08T07:57:04+00:00\",\"description\":\"Nachfolgend stellen wir Ihnen die Informationen zur Verf\u00fcgung, die Sie zur Pr\u00fcfung und Wahrnehmung Ihrer Rechte zum Datenschutz ben\u00f6tigen.\",\"breadcrumb\":{\"@id\":\"https:\/\/www.its-projekt.de\/datenschutz\/#breadcrumb\"},\"inLanguage\":\"en-US\",\"potentialAction\":[{\"@type\":\"ReadAction\",\"target\":[\"https:\/\/www.its-projekt.de\/datenschutz\/\"]}]},{\"@type\":\"BreadcrumbList\",\"@id\":\"https:\/\/www.its-projekt.de\/datenschutz\/#breadcrumb\",\"itemListElement\":[{\"@type\":\"ListItem\",\"position\":1,\"name\":\"Startseite\",\"item\":\"https:\/\/www.its-projekt.de\/\"},{\"@type\":\"ListItem\",\"position\":2,\"name\":\"Datenschutz\"}]},{\"@type\":\"WebSite\",\"@id\":\"https:\/\/www.its-projekt.de\/#website\",\"url\":\"https:\/\/www.its-projekt.de\/\",\"name\":\"InfoTurmStuttgart\",\"description\":\"\",\"potentialAction\":[{\"@type\":\"SearchAction\",\"target\":{\"@type\":\"EntryPoint\",\"urlTemplate\":\"https:\/\/www.its-projekt.de\/?s={search_term_string}\"},\"query-input\":\"required name=search_term_string\"}],\"inLanguage\":\"en-US\"}]}<\/script>\n<!-- \/ Yoast SEO plugin. -->","yoast_head_json":{"title":"Data protection - InfoTurmStuttgart","description":"Below we provide you with the information you need to review and exercise your data protection rights.","robots":{"index":"index","follow":"follow","max-snippet":"max-snippet:-1","max-image-preview":"max-image-preview:large","max-video-preview":"max-video-preview:-1"},"canonical":"https:\/\/www.its-projekt.de\/en\/data-protection\/","og_locale":"en_US","og_type":"article","og_title":"Datenschutz - InfoTurmStuttgart","og_description":"Nachfolgend stellen wir Ihnen die Informationen zur Verf\u00fcgung, die Sie zur Pr\u00fcfung und Wahrnehmung Ihrer Rechte zum Datenschutz ben\u00f6tigen.","og_url":"https:\/\/www.its-projekt.de\/en\/data-protection\/","og_site_name":"InfoTurmStuttgart","article_modified_time":"2024-07-08T07:57:04+00:00","twitter_card":"summary_large_image","schema":{"@context":"https:\/\/schema.org","@graph":[{"@type":"WebPage","@id":"https:\/\/www.its-projekt.de\/datenschutz\/","url":"https:\/\/www.its-projekt.de\/datenschutz\/","name":"Data protection - InfoTurmStuttgart","isPartOf":{"@id":"https:\/\/www.its-projekt.de\/#website"},"datePublished":"2020-03-26T13:43:12+00:00","dateModified":"2024-07-08T07:57:04+00:00","description":"Below we provide you with the information you need to review and exercise your data protection rights.","breadcrumb":{"@id":"https:\/\/www.its-projekt.de\/datenschutz\/#breadcrumb"},"inLanguage":"en-US","potentialAction":[{"@type":"ReadAction","target":["https:\/\/www.its-projekt.de\/datenschutz\/"]}]},{"@type":"BreadcrumbList","@id":"https:\/\/www.its-projekt.de\/datenschutz\/#breadcrumb","itemListElement":[{"@type":"ListItem","position":1,"name":"Startseite","item":"https:\/\/www.its-projekt.de\/"},{"@type":"ListItem","position":2,"name":"Datenschutz"}]},{"@type":"WebSite","@id":"https:\/\/www.its-projekt.de\/#website","url":"https:\/\/www.its-projekt.de\/","name":"InfoTurmStuttgart","description":"","potentialAction":[{"@type":"SearchAction","target":{"@type":"EntryPoint","urlTemplate":"https:\/\/www.its-projekt.de\/?s={search_term_string}"},"query-input":"required name=search_term_string"}],"inLanguage":"en-US"}]}},"_links":{"self":[{"href":"https:\/\/www.its-projekt.de\/en\/wp-json\/wp\/v2\/pages\/47","targetHints":{"allow":["GET"]}}],"collection":[{"href":"https:\/\/www.its-projekt.de\/en\/wp-json\/wp\/v2\/pages"}],"about":[{"href":"https:\/\/www.its-projekt.de\/en\/wp-json\/wp\/v2\/types\/page"}],"author":[{"embeddable":true,"href":"https:\/\/www.its-projekt.de\/en\/wp-json\/wp\/v2\/users\/1"}],"replies":[{"embeddable":true,"href":"https:\/\/www.its-projekt.de\/en\/wp-json\/wp\/v2\/comments?post=47"}],"version-history":[{"count":27,"href":"https:\/\/www.its-projekt.de\/en\/wp-json\/wp\/v2\/pages\/47\/revisions"}],"predecessor-version":[{"id":7806,"href":"https:\/\/www.its-projekt.de\/en\/wp-json\/wp\/v2\/pages\/47\/revisions\/7806"}],"wp:attachment":[{"href":"https:\/\/www.its-projekt.de\/en\/wp-json\/wp\/v2\/media?parent=47"}],"curies":[{"name":"wp","href":"https:\/\/api.w.org\/{rel}","templated":true}]}}

<!-- This site is optimized with the Yoast SEO plugin v20.1 - https://yoast.com/wordpress/plugins/seo/ -->
<title>Datenschutz - InfoTurmStuttgart</title>
<meta name="description" content="Nachfolgend stellen wir Ihnen die Informationen zur Verfügung, die Sie zur Prüfung und Wahrnehmung Ihrer Rechte zum Datenschutz benötigen." />
<meta name="robots" content="index, follow, max-snippet:-1, max-image-preview:large, max-video-preview:-1" />
<link rel="canonical" href="https://www.its-projekt.de/en/data-protection/" />
<meta property="og:locale" content="en_US" />
<meta property="og:type" content="article" />
<meta property="og:title" content="Datenschutz - InfoTurmStuttgart" />
<meta property="og:description" content="Nachfolgend stellen wir Ihnen die Informationen zur Verfügung, die Sie zur Prüfung und Wahrnehmung Ihrer Rechte zum Datenschutz benötigen." />
<meta property="og:url" content="https://www.its-projekt.de/en/data-protection/" />
<meta property="og:site_name" content="InfoTurmStuttgart" />
<meta property="article:modified_time" content="2024-07-08T07:57:04+00:00" />
<meta name="twitter:card" content="summary_large_image" />
<script type="application/ld+json" class="yoast-schema-graph">{"@context":"https://schema.org","@graph":[{"@type":"WebPage","@id":"https://www.its-projekt.de/datenschutz/","url":"https://www.its-projekt.de/datenschutz/","name":"Datenschutz - InfoTurmStuttgart","isPartOf":{"@id":"https://www.its-projekt.de/#website"},"datePublished":"2020-03-26T13:43:12+00:00","dateModified":"2024-07-08T07:57:04+00:00","description":"Nachfolgend stellen wir Ihnen die Informationen zur Verfügung, die Sie zur Prüfung und Wahrnehmung Ihrer Rechte zum Datenschutz benötigen.","breadcrumb":{"@id":"https://www.its-projekt.de/datenschutz/#breadcrumb"},"inLanguage":"en-US","potentialAction":[{"@type":"ReadAction","target":["https://www.its-projekt.de/datenschutz/"]}]},{"@type":"BreadcrumbList","@id":"https://www.its-projekt.de/datenschutz/#breadcrumb","itemListElement":[{"@type":"ListItem","position":1,"name":"Startseite","item":"https://www.its-projekt.de/"},{"@type":"ListItem","position":2,"name":"Datenschutz"}]},{"@type":"WebSite","@id":"https://www.its-projekt.de/#website","url":"https://www.its-projekt.de/","name":"InfoTurmStuttgart","description":"","potentialAction":[{"@type":"SearchAction","target":{"@type":"EntryPoint","urlTemplate":"https://www.its-projekt.de/?s={search_term_string}"},"query-input":"required name=search_term_string"}],"inLanguage":"en-US"}]}</script>
<!-- / Yoast SEO plugin. -->

Nachfolgend stellen wir Ihnen die Informationen zur Verfügung, die Sie zur Prüfung und Wahrnehmung Ihrer Rechte zum Datenschutz benötigen.
